{"id":1681,"date":"2020-03-31T15:10:37","date_gmt":"2020-03-31T15:10:37","guid":{"rendered":"https:\/\/ghersilaw.com\/?page_id=1681"},"modified":"2026-04-28T11:38:30","modified_gmt":"2026-04-28T11:38:30","slug":"lo-studio","status":"publish","type":"page","link":"https:\/\/ghersilaw.com\/it\/lo-studio\/","title":{"rendered":"Lo studio"},"content":{"rendered":"<p><section class=\"kc-elm kc-css-337086 kc_row\"><div class=\"kc-row-container  kc-container\"><div class=\"kc-wrap-columns\"><div class=\"kc-elm kc-css-433759 kc_col-sm-12 kc_column kc_col-sm-12\"><div class=\"kc-col-container\"><div class=\"kc-elm kc-css-950326\" style=\"height: 55px; clear: both; width:100%;\"><\/div><\/div><\/div><\/div><\/div><\/section><section class=\"kc-elm kc-css-872836 kc_row\"><div class=\"kc-row-container  kc-container\"><div class=\"kc-wrap-columns\"><div class=\"kc-elm kc-css-414276 kc_col-sm-3 kc_column kc_col-sm-3\"><div class=\"kc-col-container\"><div class=\"kc-elm kc-css-987421 kc_shortcode kc_single_image\">\n\n        <img decoding=\"async\" data-src=\"https:\/\/ghersilaw.com\/wp-content\/uploads\/2020\/04\/Progetto-senza-titolo-2.png\" alt=\"\" src=\"data:image\/svg+xml;base64,PHN2ZyB3aWR0aD0iMSIgaGVpZ2h0PSIxIiB4bWxucz0iaHR0cDovL3d3dy53My5vcmcvMjAwMC9zdmciPjwvc3ZnPg==\" class=\"lazyload\" style=\"--smush-placeholder-width: 250px; --smush-placeholder-aspect-ratio: 250\/350;\" \/>    <\/div>\n<\/div><\/div><div class=\"kc-elm kc-css-374687 kc_col-sm-8 kc_column kc_col-sm-8\"><div class=\"kc-col-container\"><div class=\"kc-elm kc-css-160835 kc_text_block\"><\/p>\n<p>\n<em>Avocat<\/em>\u00a0presso i fori di Parigi e di Trieste, Agnese Ghersi \u00e8 specializzata in diritto civile, diritto commerciale e diritto del lavoro e interviene sia in materia di consulenza che di contenzioso. Agnese Ghersi assiste i suoi clienti durante le fasi preparatoria e pre-contenziosa (analisi del contesto, negoziazione e redazione contrattuale, esecuzione delle obbligazioni, risoluzioni amichevoli di litigi, ecc.). Esamina i rischi legali e giudiziari dei suoi clienti e li difende davanti alle varie giurisdizioni, sia francesi che italiane.<\/p>\n<p>\n<\/div><\/div><\/div><\/div><\/div><\/section><section class=\"kc-elm kc-css-736662 kc_row\"><div class=\"kc-row-container  kc-container\"><div class=\"kc-wrap-columns\"><div class=\"kc-elm kc-css-690952 kc_col-sm-12 kc_column kc_col-sm-12\"><div class=\"kc-col-container\"><div class=\"kc-elm kc-css-333899 kc_text_block\"><\/p>\n<p><span style=\"color: #000000; font-size: 16px;\">Forte del suo percorso accademico bi-nazionale e della sua esperienza lavorativa presso studi legali francesi e internazionali, Agnese Ghersi combina un\u2019analisi giuridica rigorosa e approfondita con un approccio aperto e trasversale che le permettono di trovare soluzioni pragmatiche ai problemi, compresi transnazionali, incontrati dai suoi clienti.&nbsp;<\/span><\/p>\n<p><span style=\"color: #000000; font-size: 16px;\">Agnese Ghersi \u00e8 membro della <em>Soci\u00e9t\u00e9 de legislation compar\u00e9e<\/em>, della Camera degli avvocati internazionalisti e dell&#8217;Association of European Lawyers. \u00c8 inoltre iscritta sulle liste degli avvocati del Consolato generale d&#8217;Italia a Parigi e del Consulat g\u00e9n\u00e9ral de France \u00e0 Milan. Da agosto 2025, Agnese Ghersi \u00e8 Console onoraria di Francia a Trieste.<\/span><\/p>\n<\/p>\n<p>\n<\/div><div class=\"kc-elm kc-css-262785 kc_text_block\"><\/p>\n<div>\n<p><span style=\"font-size: 16px;\">Agnese Ghersi lavora tra Parigi e Trieste, le sue lingue di lavoro sono il francese, l\u2019italiano e l\u2019inglese.<\/span><\/p>\n<\/div>\n<p>\n<\/div><\/div><\/div><\/div><\/div><\/section><section class=\"kc-elm kc-css-10150 kc_row\"><div class=\"kc-row-container  kc-container\"><div class=\"kc-wrap-columns\"><div class=\"kc-elm kc-css-674276 kc_col-sm-12 kc_column kc_col-sm-12\"><div class=\"kc-col-container\"><div class=\"kc-elm kc-css-113649 kc_text_block\"><\/p>\n<h3><strong>FORMAZIONE<\/strong><\/h3>\n<p>2016: Abilitazione forense, Scuola di specializzazione per le professioni legali del Foro di Parigi (Francia)<br \/>2014: Master 2 in Contenzioso internazionale ed europeo, Universit\u00e0 Parigi X Nanterre (Francia)<br \/>2013: Master 2 in Diritto francese e italiano, Universit\u00e0 Parigi I Sorbona (Francia)<br \/>2013: Laurea magistrale in Giurisprudenza italo-francese, Universit\u00e0 degli studi di Firenze<\/p>\n<p>\n<\/div><\/div><\/div><\/div><\/div><\/section><\/p>\n","protected":false},"excerpt":{"rendered":"","protected":false},"author":1,"featured_media":0,"parent":0,"menu_order":0,"comment_status":"closed","ping_status":"closed","template":"","meta":{"footnotes":""},"class_list":["post-1681","page","type-page","status-publish","hentry"],"_links":{"self":[{"href":"https:\/\/ghersilaw.com\/it\/wp-json\/wp\/v2\/pages\/1681","targetHints":{"allow":["GET"]}}],"collection":[{"href":"https:\/\/ghersilaw.com\/it\/wp-json\/wp\/v2\/pages"}],"about":[{"href":"https:\/\/ghersilaw.com\/it\/wp-json\/wp\/v2\/types\/page"}],"author":[{"embeddable":true,"href":"https:\/\/ghersilaw.com\/it\/wp-json\/wp\/v2\/users\/1"}],"replies":[{"embeddable":true,"href":"https:\/\/ghersilaw.com\/it\/wp-json\/wp\/v2\/comments?post=1681"}],"version-history":[{"count":14,"href":"https:\/\/ghersilaw.com\/it\/wp-json\/wp\/v2\/pages\/1681\/revisions"}],"predecessor-version":[{"id":2598,"href":"https:\/\/ghersilaw.com\/it\/wp-json\/wp\/v2\/pages\/1681\/revisions\/2598"}],"wp:attachment":[{"href":"https:\/\/ghersilaw.com\/it\/wp-json\/wp\/v2\/media?parent=1681"}],"curies":[{"name":"wp","href":"https:\/\/api.w.org\/{rel}","templated":true}]}}

<p><section class="kc-elm kc-css-337086 kc_row"><div class="kc-row-container  kc-container"><div class="kc-wrap-columns"><div class="kc-elm kc-css-433759 kc_col-sm-12 kc_column kc_col-sm-12"><div class="kc-col-container"><div class="kc-elm kc-css-950326" style="height: 55px; clear: both; width:100%;"></div></div></div></div></div></section><section class="kc-elm kc-css-872836 kc_row"><div class="kc-row-container  kc-container"><div class="kc-wrap-columns"><div class="kc-elm kc-css-414276 kc_col-sm-3 kc_column kc_col-sm-3"><div class="kc-col-container"><div class="kc-elm kc-css-987421 kc_shortcode kc_single_image">

        <img decoding="async" data-src="https://ghersilaw.com/wp-content/uploads/2020/04/Progetto-senza-titolo-2.png" alt="" src="data:image/svg+xml;base64,PHN2ZyB3aWR0aD0iMSIgaGVpZ2h0PSIxIiB4bWxucz0iaHR0cDovL3d3dy53My5vcmcvMjAwMC9zdmciPjwvc3ZnPg==" class="lazyload" style="--smush-placeholder-width: 250px; --smush-placeholder-aspect-ratio: 250/350;" />    </div>
</div></div><div class="kc-elm kc-css-374687 kc_col-sm-8 kc_column kc_col-sm-8"><div class="kc-col-container"><div class="kc-elm kc-css-160835 kc_text_block"></p>
<p>
<em>Avocat</em> presso i fori di Parigi e di Trieste, Agnese Ghersi è specializzata in diritto civile, diritto commerciale e diritto del lavoro e interviene sia in materia di consulenza che di contenzioso. Agnese Ghersi assiste i suoi clienti durante le fasi preparatoria e pre-contenziosa (analisi del contesto, negoziazione e redazione contrattuale, esecuzione delle obbligazioni, risoluzioni amichevoli di litigi, ecc.). Esamina i rischi legali e giudiziari dei suoi clienti e li difende davanti alle varie giurisdizioni, sia francesi che italiane.</p>
<p>
</div></div></div></div></div></section><section class="kc-elm kc-css-736662 kc_row"><div class="kc-row-container  kc-container"><div class="kc-wrap-columns"><div class="kc-elm kc-css-690952 kc_col-sm-12 kc_column kc_col-sm-12"><div class="kc-col-container"><div class="kc-elm kc-css-333899 kc_text_block"></p>
<p><span style="color: #000000; font-size: 16px;">Forte del suo percorso accademico bi-nazionale e della sua esperienza lavorativa presso studi legali francesi e internazionali, Agnese Ghersi combina un’analisi giuridica rigorosa e approfondita con un approccio aperto e trasversale che le permettono di trovare soluzioni pragmatiche ai problemi, compresi transnazionali, incontrati dai suoi clienti.&nbsp;</span></p>
<p><span style="color: #000000; font-size: 16px;">Agnese Ghersi è membro della <em>Société de legislation comparée</em>, della Camera degli avvocati internazionalisti e dell&#8217;Association of European Lawyers. È inoltre iscritta sulle liste degli avvocati del Consolato generale d&#8217;Italia a Parigi e del Consulat général de France à Milan. Da agosto 2025, Agnese Ghersi è Console onoraria di Francia a Trieste.</span></p>
</p>
<p>
</div><div class="kc-elm kc-css-262785 kc_text_block"></p>
<div>
<p><span style="font-size: 16px;">Agnese Ghersi lavora tra Parigi e Trieste, le sue lingue di lavoro sono il francese, l’italiano e l’inglese.</span></p>
</div>
<p>
</div></div></div></div></div></section><section class="kc-elm kc-css-10150 kc_row"><div class="kc-row-container  kc-container"><div class="kc-wrap-columns"><div class="kc-elm kc-css-674276 kc_col-sm-12 kc_column kc_col-sm-12"><div class="kc-col-container"><div class="kc-elm kc-css-113649 kc_text_block"></p>
<h3><strong>FORMAZIONE</strong></h3>
<p>2016: Abilitazione forense, Scuola di specializzazione per le professioni legali del Foro di Parigi (Francia)<br />2014: Master 2 in Contenzioso internazionale ed europeo, Università Parigi X Nanterre (Francia)<br />2013: Master 2 in Diritto francese e italiano, Università Parigi I Sorbona (Francia)<br />2013: Laurea magistrale in Giurisprudenza italo-francese, Università degli studi di Firenze</p>
<p>
</div></div></div></div></div></section></p>
